{"id":371,"date":"2011-07-04T16:34:22","date_gmt":"2011-07-04T16:34:22","guid":{"rendered":"http:\/\/www.birrabeba.it\/?page_id=371"},"modified":"2011-07-04T16:34:22","modified_gmt":"2011-07-04T16:34:22","slug":"orario","status":"publish","type":"page","link":"https:\/\/www.birrabeba.it\/?page_id=371","title":{"rendered":"Orario"},"content":{"rendered":"Orari: venerd\u00ec e sabato 19,30-1.00. Domenica: 18,00-24,00. \u00c8 preferibile prenotare: tel. 0121 315755.","protected":false},"excerpt":{"rendered":"<p>Orari: venerd\u00ec e sabato 19,30-1.00. Domenica: 18,00-24,00. \u00c8 preferibile prenotare: tel. 0121 315755.<\/p>\n","protected":false},"author":1,"featured_media":0,"parent":7,"menu_order":0,"comment_status":"open","ping_status":"open","template":"","meta":[],"_links":{"self":[{"href":"https:\/\/www.birrabeba.it\/index.php?rest_route=\/wp\/v2\/pages\/371"}],"collection":[{"href":"https:\/\/www.birrabeba.it\/index.php?rest_route=\/wp\/v2\/pages"}],"about":[{"href":"https:\/\/www.birrabeba.it\/index.php?rest_route=\/wp\/v2\/types\/page"}],"author":[{"embeddable":true,"href":"https:\/\/www.birrabeba.it\/index.php?rest_route=\/wp\/v2\/users\/1"}],"replies":[{"embeddable":true,"href":"https:\/\/www.birrabeba.it\/index.php?rest_route=%2Fwp%2Fv2%2Fcomments&post=371"}],"version-history":[{"count":0,"href":"https:\/\/www.birrabeba.it\/index.php?rest_route=\/wp\/v2\/pages\/371\/revisions"}],"up":[{"embeddable":true,"href":"https:\/\/www.birrabeba.it\/index.php?rest_route=\/wp\/v2\/pages\/7"}],"wp:attachment":[{"href":"https:\/\/www.birrabeba.it\/index.php?rest_route=%2Fwp%2Fv2%2Fmedia&parent=371"}],"curies":[{"name":"wp","href":"https:\/\/api.w.org\/{rel}","templated":true}]}}